t q(d) = c*g(d) - 5*h(d). Calculate the remainder when 49 is divided by q(7).
15
Suppose 0 = -f - 3 + 10. Suppose 0 = 13*q - 12*q + 32. Calculate the remainder when 2 + (1 - 1 - q) is divided by f.
6
Let x(w) = w - 15. Let u be x(8). Let d = 0 - u. Calculate the remainder when ((-8)/6)/((-8)/108) is divided by d.
4
Let s = 13 - -5. What is the remainder when 4795/55 - (-10)/(-55) is divided by s?
15
Let k = -279 - -335. What is the remainder when k is divided by 12?
8
What is the remainder when (-29)/(-2 - -4 - (0 - -3)) is divided by 5/(-3 + (-21)/(-6))?
9
Let t = -11 + 15. Suppose q + 20 = -t*q. Calculate the remainder when (-1)/(1*q/52) is divided by 4.
1
Suppose 535 = -11*l + 14*l - 2*d, -4*l + 5*d = -725. What is the remainder when l is divided by 59?
57
Suppose 5*h = 2*h - 3, -4 = -2*x - 4*h. Calculate the remainder when (15 + -11)*23/x is divided by 7.
2
Suppose -2*m + 33 = -n, 2*m - n - 18 = -5*n. Let h = m - -2. Calculate the remainder when h is divided by 3.
2
Let u(x) be the third derivative of x**6/120 - x**5/10 + 5*x**4/12 + x**3/3 - 19*x**2. Calculate the remainder when 53 is divided by u(5).
26
Let m(g) = -4*g**2 + 6 - 16*g**3 + 3*g**2 - 28*g + 29*g. What is the remainder when m(-2) is divided by 43?
42
Suppose 5*u + m = 2*u + 9, -5*u + 5*m - 5 = 0. Suppose 0 = a + 4*g + 6, -2*g + 6 = -a + u*g. Calculate the remainder when 18 is divided by -2*7*3/a.
4
Suppose -9*j = -378 + 144. Calculate the remainder when j is divided by 16.
10
Let u(i) = i**3 - 3*i**2 - 38*i + 2. Let l be u(8). Suppose 19*o - 38 = l*o. Calculate the remainder when o is divided by 16.
6
Let d(g) = 27*g**2 - 6*g + 6. Suppose 0 = -2*b - 2*b + 8. Calculate the remainder when d(b) is divided by 30.
12
Suppose 7*n - 229 = -4*v + 4*n, 0 = -3*v - 3*n + 168. Suppose 17*t = 12*t + 255. Let x = -30 + t. Calculate the remainder when v is divided by x.
19
Let f = 3100 - 2175. Calculate the remainder when f is divided by 9.
7
Let u = 2475 - 2444. Suppose 100 - 10 = f. What is the remainder when f is divided by u?
28
Suppose 2*f = -5*g + 3655, 4*g - 47*f + 49*f - 2922 = 0. What is the remainder when g is divided by 21?
19
Suppose -6*t = -t - 25. Suppose v - 5*v = -4*f - 32, 0 = 4*f + t*v - 4. Calculate the remainder when 20 is divided by 27/(-18) + (-54)/f.
8
Let s = -56 + 87. What is the remainder when 181 is divided by s?
26
Suppose 5*d - d = 572. Let g = d + -75. Suppose -4*i - i + 115 = 0. What is the remainder when g is divided by i?
22
Let w(r) = r**2 + 10*r + 12. Let j be w(-9). Suppose -2*h - 40 = -j*h. What is the remainder when h is divided by 17 - 1*(0 + 3)?
12
Let q = -6 - -8. Suppose -4 - q = -3*j. Suppose j*r - 100 = -3*w - w, -5*r = -2*w + 62. What is the remainder when 102 is divided by w?
24
Let r(m) = -22*m**3 - m**2 - m. Suppose 0 = -12*k + 5*k. Suppose -i - 13 = -t - 2*t, 4*i - 20 = k. What is the remainder when r(-1) is divided by t?
4
Suppose -3*l + 823 = 3*k + 253, -4*k = 2*l - 756. Calculate the remainder when k is divided by 24.
20
Let i = 183 - 165. Calculate the remainder when 215 is divided by i.
17
Let r(v) = -23*v + 140. Let h be r(6). Let p be 2/8 + 158/8. Suppose 3*k - p = h*k. What is the remainder when k is divided by 8?
4
Suppose 40*w = -790 + 4510. Calculate the remainder when w is divided by 13.
2
What is the remainder when 371 is divided by 3*(120/4 + 1)?
92
Let y(g) = -19*g**2 - 326*g - 29. Calculate the remainder when 87 is divided by y(-17).
21
Let p = -1307 + 1518. What is the remainder when p is divided by 22?
13
Let k(f) = 2 + 0 + f**2 - 3*f - 2*f. What is the remainder when k(5) is divided by -3*(-4)/(-6) + 4?
0
Let k(z) be the first derivative of 43*z**4/4 + z**3/3 - z - 1. Let t = 97 - 96. Calculate the remainder when k(t) is divided by 11.
10
Suppose j = d + 4*d + 98, j - 119 = -2*d. Calculate the remainder when j is divided by 29/1 + (-30)/(-9)*108/(-60).
21
Let c(x) = x**2 - 7*x + 13. Suppose -2*q = -4*o + 12, -q = o - 5*o + 8. Let d = 3 - o. Calculate the remainder when c(6) is divided by d.
1
Let f(k) = -3*k**2 - 106*k - 69. What is the remainder when f(-31) is divided by 21?
19
What is the remainder when 439 is divided by (-360)/(-16) + (-12)/8?
19
Let f = -206 - -228. Calculate the remainder when 393 is divided by f.
19
Suppose -2*j - 3*j - 5*u = -295, 3*u = j - 59. What is the remainder when 1398/4*4/6 is divided by j?
56
Suppose 0 = 32*j - 565 - 651. Calculate the remainder when j is divided by 4.
2
Calculate the remainder when 180 is divided by 10/(10/57) + -9.
36
Let l(t) be the third derivative of 1/12*t**4 + 0*t + 11*t**2 + 1/6*t**3 + 0. What is the remainder when l(8) is divided by 10?
7
Let r = -46 + 106. Suppose -4*p = -8*p + r. Calculate the remainder when 26 is divided by p.
11
Suppose -12 + 132 = 5*a - 5*x, 2*x = 3*a - 74. Suppose 0 = -j + a - 5. Let y = 93 + -54. Calculate the remainder when y is divided by j.
18
Let b = -147 + 65. Let t = b + 87. Calculate the remainder when t is divided by 3.
2
Let k(v) = 3*v**3 - 3*v**2 + 7*v - 9. Calculate the remainder when k(3) is divided by 30.
6
Suppose -3*c + 221 = -1. Calculate the remainder when 214 is divided by c.
66
Suppose -13 = -4*i + 63. Let q(c) = -c**2 + 6*c + 4. What is the remainder when i is divided by q(6)?
3
Suppose 4*i - 24 = -2*o, -5*i + 0 = o - 12. Calculate the remainder when 59 is divided by o.
11
Let d = 7 + -3. Let o be d - 6/2 - -3. Let g = -1 + o. What is the remainder when 3 is divided by g?
0
Let k = 50 - 13. Suppose -k = -d + 2. Calculate the remainder when d is divided by 21.
18
Let x(n) = n**3 + n**2 - 2*n + 1. Suppose -6 = 2*y - 22. Let j = 12 - y. Calculate the remainder when x(2) is divided by j.
1
Let c(w) = w**3 - 15*w**2 - 15*w - 11. Suppose -4*x = 3*j - 61, 5*j + 81 = 4*x + 12. Calculate the remainder when 12 is divided by c(x).
2
Suppose -4*d - 1432 = -4*p, p + d + 0*d - 358 = 0. Calculate the remainder when p is divided by 30.
28
Let n(p) = 2*p**2 - 4*p - 45. Suppose 12 = 4*z - 2*z + 2*x, 3*z - 34 = 5*x. Calculate the remainder when n(z) is divided by 27.
24
Let o = -194 + 253. Calculate the remainder when o is divided by 21.
17
Suppose 0 = 29*b - 52 - 238. Suppose -12 = 2*t + 2*t. Let o = b + t. What is the remainder when o is divided by 5?
2
Suppose 8*x + 5*z = 10*x - 644, 2*z + 4 = 0. What is the remainder when x is divided by 7?
2
Suppose -2*y + a = -8, 0*y + 16 = 4*y - 3*a. Suppose y*h + 4 = -4. What is the remainder when (-84)/h + -1 - -1 is divided by 15?
12
Suppose 0*f + 77 = y - 4*f, 2*y - 2*f = 166. Suppose 11*a - 14*a = -9. Let r = a + 26. Calculate the remainder when y is divided by r.
27
Suppose 0 = -5*u, 6 = 2*c + 3*u - 16. Suppose c*y - 296 = 9*y. Calculate the remainder when y is divided by 25.
23
Suppose 4*v + h - 14 = 3*h, -4*v - 4*h + 20 = 0. Suppose v*c + 2*i = 20, 0 = -2*c + 3*i - 6. Calculate the remainder when c is divided by 2/(-4) - (-10)/4.
1
Let h(m) = m**2 + 4*m - 16. Let c be h(-7). Suppose -i = -c*i + 320. What is the remainder when i is divided by 27?
26
Let u = 163 - 103. Suppose 3*f + 5*o - 41 = 0, f - 2*f = -5*o + 13. Calculate the remainder when u is divided by f.
4
Let k(o) be the second derivative of o**3/6 + o**2 - 17*o. Calculate the remainder when 79 is divided by k(18).
19
Suppose -10*t = -12*t - 5*h + 31, -3*t + 12 = -4*h. What is the remainder when 52 is divided by t?
4
Let f(j) = -j**3 - 15*j**2 + j + 17. Let u be f(-13). Calculate the remainder when 52 is divided by (-13)/(-78) - u/12.
24
Let t = 493 - 257. What is the remainder when t is divided by 62?
50
Suppose -13458 = -25*p + 342. Calculate the remainder when p is divided by 15.
12
Let f = 58 - 28. Let h = 37 + -34. What is the remainder when ((-1)/(-2))/(3/f) is divided by h?
2
Let f(a) = -2*a**2 + 4*a + 3. Let q(d) = -6*d**2 + 14*d + 9. Let x(m) = -7*f(m) + 2*q(m). What is the remainder when 7 is divided by x(2)?
2
Let u = 56 + -29. Let d = -120 + 134. Calculate the remainder when u is divided by d.
13
Let z be ((-38)/(-6) + 3)/((-4)/(-12)). Let w = -8 + z. Calculate the remainder when 56 is divided by w.
16
Let f be (16 - 7 - 4)/((-2)/(-2)). Suppose -f*d = -59 - 191. What is the remainder when d is divided by 14?
8
Let g be (6/4)/((-2)/(-4)). Suppose 4 = s, 0*r - g*s = -4*r + 288. Let v(l) = 2*l**3 + 5*l**2 - 29*l + 7. Cal